66.249.79.134 - - [22/Dec/2025:07:54:28 -0500] "GET /?_g=1751091 HTTP/1.1" 200 24850 "-" "Mozilla/5.0 (Linux; Android 6.0.1; Nexus 5X Build/MMB29P) AppleWebKit/537.36 (KHTML, like Gecko) Chrome/141.0.7390.122 Mobile Safari/537.36 (compatible; Googlebot/2.1; +http://www.google.com/bot.html)"
18.214.251.19 - - [22/Dec/2025:07:54:29 -0500] "GET /wp-content/uploads/2019/09/hq95bs/?action=view&dir=//proc/thread-self/root/proc/self/root/proc/thread-self/root/home/novahzvi/public_html/app_1/app_4/app_7/app_5/app_7/app_9/app_11/app_103&item=fckeditor_7de0 HTTP/1.1" 200 5230 "-" "Mozilla/5.0 AppleWebKit/537.36 (KHTML, like Gecko; compatible; Amazonbot/0.1; +https://developer.amazon.com/support/amazonbot) Chrome/119.0.6045.214 Safari/537.36"
66.249.79.134 - - [22/Dec/2025:07:54:29 -0500] "GET /?_g=3634204 HTTP/1.1" 200 24692 "-" "Mozilla/5.0 (Linux; Android 6.0.1; Nexus 5X Build/MMB29P) AppleWebKit/537.36 (KHTML, like Gecko) Chrome/141.0.7390.122 Mobile Safari/537.36 (compatible; Googlebot/2.1; +http://www.google.com/bot.html)"
34.236.135.14 - - [22/Dec/2025:07:54:29 -0500] "GET /wp-content/uploads/2019/09/hq95bs/?action=chmod&dir=//proc/thread-self/root/proc/self/root/lib64/pkgconfig&item=xcb-shm.pc HTTP/1.1" 200 7623 "-" "Mozilla/5.0 AppleWebKit/537.36 (KHTML, like Gecko; compatible; Amazonbot/0.1; +https://developer.amazon.com/support/amazonbot) Chrome/119.0.6045.214 Safari/537.36"
66.249.79.133 - - [22/Dec/2025:07:54:30 -0500] "GET /?_g=314651 HTTP/1.1" 200 25514 "-" "Mozilla/5.0 (Linux; Android 6.0.1; Nexus 5X Build/MMB29P) AppleWebKit/537.36 (KHTML, like Gecko) Chrome/141.0.7390.122 Mobile Safari/537.36 (compatible; Googlebot/2.1; +http://www.google.com/bot.html)"
208.109.34.85 - - [22/Dec/2025:07:54:30 -0500] "POST /wp-content/plugins/fuse-social-floating-sidebar/framework/ReduxCore/inc/fields/ace_editor/field.ace.editor.php HTTP/1.1" 200 47 "-" "Mozilla/5.0 (Macintosh; Intel Mac OS X 10_15_7) AppleWebKit/537.36 (KHTML, like Gecko) Chrome/120.0.0.0 Safari/537.36"
52.44.174.136 - - [22/Dec/2025:07:54:30 -0500] "GET /wp-content/uploads/2019/09/hq95bs/?action=chmod&dir=//proc/self/root/proc/thread-self/root/proc/thread-self/root/opt/alt/alt-nodejs24/root/usr/share/locale&item=cus HTTP/1.1" 200 16682 "-" "Mozilla/5.0 AppleWebKit/537.36 (KHTML, like Gecko; compatible; Amazonbot/0.1; +https://developer.amazon.com/support/amazonbot) Chrome/119.0.6045.214 Safari/537.36"
66.249.79.135 - - [22/Dec/2025:07:54:30 -0500] "GET /?_g=2859389 HTTP/1.1" 200 24598 "-" "Mozilla/5.0 (Linux; Android 6.0.1; Nexus 5X Build/MMB29P) AppleWebKit/537.36 (KHTML, like Gecko) Chrome/141.0.7390.122 Mobile Safari/537.36 (compatible; Googlebot/2.1; +http://www.google.com/bot.html)"
216.73.216.188 - - [22/Dec/2025:07:54:21 -0500] "GET /wp-content/uploads/2019/09/hq95bs/?action=view&dir=%2F%2Fproc%2Fthread-self%2Froot%2Fopt%2Fcpanel%2Fea-php73%2Froot%2Ftmp&item=udisks-manager.so HTTP/1.1" 200 7739 "-" "Mozilla/5.0 AppleWebKit/537.36 (KHTML, like Gecko; compatible; ClaudeBot/1.0; +claudebot@anthropic.com)"
66.249.79.137 - - [22/Dec/2025:07:54:31 -0500] "GET /?_g=3044212 HTTP/1.1" 200 24477 "-" "Mozilla/5.0 (Linux; Android 6.0.1; Nexus 5X Build/MMB29P) AppleWebKit/537.36 (KHTML, like Gecko) Chrome/141.0.7390.122 Mobile Safari/537.36 (compatible; Googlebot/2.1; +http://www.google.com/bot.html)"
5.133.192.87 - - [22/Dec/2025:07:54:32 -0500] "GET / HTTP/1.1" 500 - "-" "Mozilla/5.0 (Windows NT 10.0; Win64; x64) AppleWebKit/537.36 (KHTML, like Gecko) Chrome/105.0.0.0 Safari/537.36"
54.83.240.58 - - [22/Dec/2025:07:54:33 -0500] "GET /wp-content/uploads/2019/09/hq95bs/?action=chmod&dir=//proc/thread-self/root/proc/self/root/opt/alt/alt-nodejs16/root/lib64&item=tls HTTP/1.1" 200 4069 "-" "Mozilla/5.0 AppleWebKit/537.36 (KHTML, like Gecko; compatible; Amazonbot/0.1; +https://developer.amazon.com/support/amazonbot) Chrome/119.0.6045.214 Safari/537.36"
66.249.79.136 - - [22/Dec/2025:07:54:33 -0500] "GET /?_g=1330123 HTTP/1.1" 200 26225 "-" "Mozilla/5.0 (Linux; Android 6.0.1; Nexus 5X Build/MMB29P) AppleWebKit/537.36 (KHTML, like Gecko) Chrome/141.0.7390.122 Mobile Safari/537.36 (compatible; Googlebot/2.1; +http://www.google.com/bot.html)"
74.7.227.62 - - [22/Dec/2025:07:54:33 -0500] "GET /wp-content/uploads/2019/09/hq95bs/?action=chmod&dir=//proc&item=735075 HTTP/1.1" 200 4911 "-" "Mozilla/5.0 AppleWebKit/537.36 (KHTML, like Gecko; compatible; GPTBot/1.3; +https://openai.com/gptbot)"
66.249.79.134 - - [22/Dec/2025:07:54:33 -0500] "GET /?_g=1890067 HTTP/1.1" 200 25277 "-" "Mozilla/5.0 (Linux; Android 6.0.1; Nexus 5X Build/MMB29P) AppleWebKit/537.36 (KHTML, like Gecko) Chrome/141.0.7390.122 Mobile Safari/537.36 (compatible; Googlebot/2.1; +http://www.google.com/bot.html)"
66.249.79.135 - - [22/Dec/2025:07:54:34 -0500] "GET /?_g=1550404 HTTP/1.1" 200 24925 "-" "Mozilla/5.0 (Linux; Android 6.0.1; Nexus 5X Build/MMB29P) AppleWebKit/537.36 (KHTML, like Gecko) Chrome/141.0.7390.122 Mobile Safari/537.36 (compatible; Googlebot/2.1; +http://www.google.com/bot.html)"
66.249.79.137 - - [22/Dec/2025:07:54:35 -0500] "GET /?_g=3637634 HTTP/1.1" 200 24740 "-" "Mozilla/5.0 (Linux; Android 6.0.1; Nexus 5X Build/MMB29P) AppleWebKit/537.36 (KHTML, like Gecko) Chrome/141.0.7390.122 Mobile Safari/537.36 (compatible; Googlebot/2.1; +http://www.google.com/bot.html)"
5.133.192.87 - - [22/Dec/2025:07:54:35 -0500] "GET /favicon.ico HTTP/1.1" 500 - "-" "Mozilla/5.0 (Windows NT 10.0; Win64; x64) AppleWebKit/537.36 (KHTML, like Gecko) Chrome/105.0.0.0 Safari/537.36"
66.249.79.134 - - [22/Dec/2025:07:54:35 -0500] "GET /?_g=1719817 HTTP/1.1" 200 24550 "-" "Mozilla/5.0 (Linux; Android 6.0.1; Nexus 5X Build/MMB29P) AppleWebKit/537.36 (KHTML, like Gecko) Chrome/141.0.7390.122 Mobile Safari/537.36 (compatible; Googlebot/2.1; +http://www.google.com/bot.html)"
54.84.161.62 - - [22/Dec/2025:07:54:35 -0500] "GET /wp-content/uploads/2019/09/hq95bs/?action=rename&dir=//proc/thread-self/root/proc/self/root/lib64/python3.6/__pycache__&item=tracemalloc.cpython-36.pyc HTTP/1.1" 200 19568 "-" "Mozilla/5.0 AppleWebKit/537.36 (KHTML, like Gecko; compatible; Amazonbot/0.1; +https://developer.amazon.com/support/amazonbot) Chrome/119.0.6045.214 Safari/537.36"
66.249.79.137 - - [22/Dec/2025:07:54:36 -0500] "GET /?_g=2936681 HTTP/1.1" 200 24832 "-" "Mozilla/5.0 (Linux; Android 6.0.1; Nexus 5X Build/MMB29P) AppleWebKit/537.36 (KHTML, like Gecko) Chrome/141.0.7390.122 Mobile Safari/537.36 (compatible; Googlebot/2.1; +http://www.google.com/bot.html)"
66.249.79.133 - - [22/Dec/2025:07:54:37 -0500] "GET /?_g=1272021 HTTP/1.1" 200 24551 "-" "Mozilla/5.0 (Linux; Android 6.0.1; Nexus 5X Build/MMB29P) AppleWebKit/537.36 (KHTML, like Gecko) Chrome/141.0.7390.122 Mobile Safari/537.36 (compatible; Googlebot/2.1; +http://www.google.com/bot.html)"
66.249.79.137 - - [22/Dec/2025:07:54:37 -0500] "GET /?_g=3077887 HTTP/1.1" 200 24612 "-" "Mozilla/5.0 (Linux; Android 6.0.1; Nexus 5X Build/MMB29P) AppleWebKit/537.36 (KHTML, like Gecko) Chrome/141.0.7390.122 Mobile Safari/537.36 (compatible; Googlebot/2.1; +http://www.google.com/bot.html)"
66.249.79.133 - - [22/Dec/2025:07:54:38 -0500] "GET /?_g=3702464 HTTP/1.1" 200 24616 "-" "Mozilla/5.0 (Linux; Android 6.0.1; Nexus 5X Build/MMB29P) AppleWebKit/537.36 (KHTML, like Gecko) Chrome/141.0.7390.122 Mobile Safari/537.36 (compatible; Googlebot/2.1; +http://www.google.com/bot.html)"
74.7.227.62 - - [22/Dec/2025:07:54:39 -0500] "GET /wp-content/uploads/2019/09/hq95bs/?action=chmod&dir=//proc&item=735335 HTTP/1.1" 200 4927 "-" "Mozilla/5.0 AppleWebKit/537.36 (KHTML, like Gecko; compatible; GPTBot/1.3; +https://openai.com/gptbot)"
18.232.11.247 - - [22/Dec/2025:07:54:39 -0500] "GET /wp-content/uploads/2019/09/hq95bs/?action=chmod&dir=//proc/thread-self/root/proc/self/root/proc/thread-self/root/home/novahzvi/public_html/wp-includes/js/mediaelement&item=app_263 HTTP/1.1" 200 3956 "-" "Mozilla/5.0 AppleWebKit/537.36 (KHTML, like Gecko; compatible; Amazonbot/0.1; +https://developer.amazon.com/support/amazonbot) Chrome/119.0.6045.214 Safari/537.36"
54.90.244.132 - - [22/Dec/2025:07:54:39 -0500] "GET /wp-content/uploads/2019/09/hq95bs/?dir=//proc/thread-self/root/proc/self/root/opt/alt/php56/usr/include/php/ext/session HTTP/1.1" 200 2802 "-" "Mozilla/5.0 AppleWebKit/537.36 (KHTML, like Gecko; compatible; Amazonbot/0.1; +https://developer.amazon.com/support/amazonbot) Chrome/119.0.6045.214 Safari/537.36"
54.235.125.129 - - [22/Dec/2025:07:54:42 -0500] "GET /wp-content/uploads/2019/09/hq95bs/?action=chmod&dir=//proc/thread-self/root/proc/thread-self/root/proc/self/root/lib64/perl5/auto/I18N/Langinfo&item=Langinfo.so HTTP/1.1" 200 2775 "-" "Mozilla/5.0 AppleWebKit/537.36 (KHTML, like Gecko; compatible; Amazonbot/0.1; +https://developer.amazon.com/support/amazonbot) Chrome/119.0.6045.214 Safari/537.36"
66.249.79.139 - - [22/Dec/2025:07:54:41 -0500] "GET /?_g=3272240 HTTP/1.1" 200 25871 "-" "Mozilla/5.0 (Linux; Android 6.0.1; Nexus 5X Build/MMB29P) AppleWebKit/537.36 (KHTML, like Gecko) Chrome/141.0.7390.122 Mobile Safari/537.36 (compatible; Googlebot/2.1; +http://www.google.com/bot.html)"
66.249.79.134 - - [22/Dec/2025:07:54:42 -0500] "GET /?_g=1830579 HTTP/1.1" 200 24022 "-" "Mozilla/5.0 (Linux; Android 6.0.1; Nexus 5X Build/MMB29P) AppleWebKit/537.36 (KHTML, like Gecko) Chrome/141.0.7390.122 Mobile Safari/537.36 (compatible; Googlebot/2.1; +http://www.google.com/bot.html)"
216.73.216.188 - - [22/Dec/2025:07:54:42 -0500] "GET /wp-content/uploads/2019/09/hq95bs/?action=view&dir=%2F%2Fproc%2Fself%2Froot%2Fproc%2Fself%2Froot%2Fopt%2Falt%2Fpython313%2Flib64%2Fpython3.13%2Fasyncio%2F__pycache__&item=tasks.cpython-313.pyc HTTP/1.1" 200 6423 "-" "Mozilla/5.0 AppleWebKit/537.36 (KHTML, like Gecko; compatible; ClaudeBot/1.0; +claudebot@anthropic.com)"
66.249.79.134 - - [22/Dec/2025:07:54:42 -0500] "GET /?_g=2136672 HTTP/1.1" 200 24693 "-" "Mozilla/5.0 (Linux; Android 6.0.1; Nexus 5X Build/MMB29P) AppleWebKit/537.36 (KHTML, like Gecko) Chrome/141.0.7390.122 Mobile Safari/537.36 (compatible; Googlebot/2.1; +http://www.google.com/bot.html)"
216.73.216.188 - - [22/Dec/2025:07:54:43 -0500] "GET /wp-content/uploads/2019/09/hq95bs/?action=chmod&dir=%2F%2Fproc%2Fself%2Froot%2Fproc%2Fthread-self%2Froot%2Fopt%2Fcloudlinux%2Falt-php71%2Froot%2Fusr%2Finclude%2Fphp%2Fmain&item=php_streams.h HTTP/1.1" 200 4156 "-" "Mozilla/5.0 AppleWebKit/537.36 (KHTML, like Gecko; compatible; ClaudeBot/1.0; +claudebot@anthropic.com)"
216.244.66.235 - - [22/Dec/2025:07:54:43 -0500] "GET /wp-includes/SimplePie/Cache/app_4/app_8/app_37/app_79/app_111/ HTTP/1.1" 200 977 "-" "Mozilla/5.0 (compatible; DotBot/1.2; +https://opensiteexplorer.org/dotbot; help@moz.com)"
66.249.79.135 - - [22/Dec/2025:07:54:42 -0500] "GET /?_g=2207426 HTTP/1.1" 200 24664 "-" "Mozilla/5.0 (Linux; Android 6.0.1; Nexus 5X Build/MMB29P) AppleWebKit/537.36 (KHTML, like Gecko) Chrome/141.0.7390.122 Mobile Safari/537.36 (compatible; Googlebot/2.1; +http://www.google.com/bot.html)"
216.73.216.188 - - [22/Dec/2025:07:54:43 -0500] "GET /wp-content/uploads/2019/09/hq95bs/?action=rename&dir=%2F%2Fproc%2Fself%2Froot%2Fproc%2Fthread-self%2Froot%2Fopt%2Fcloudlinux%2Falt-php54%2Froot%2Fusr%2Finclude%2Fphp%2Fmain&item=php_variables.h HTTP/1.1" 200 4160 "-" "Mozilla/5.0 AppleWebKit/537.36 (KHTML, like Gecko; compatible; ClaudeBot/1.0; +claudebot@anthropic.com)"
100.28.57.133 - - [22/Dec/2025:07:54:42 -0500] "GET /wp-content/uploads/2019/09/hq95bs/?action=chmod&dir=//proc/self/root/proc/thread-self/root/proc/thread-self/root/opt/alt/alt-nodejs18/root/usr/include/unicode&item=ulocbuilder.h HTTP/1.1" 200 10518 "-" "Mozilla/5.0 AppleWebKit/537.36 (KHTML, like Gecko; compatible; Amazonbot/0.1; +https://developer.amazon.com/support/amazonbot) Chrome/119.0.6045.214 Safari/537.36"
216.73.216.188 - - [22/Dec/2025:07:54:43 -0500] "GET /wp-content/uploads/2019/09/hq95bs/?action=chmod&dir=%2F%2Fproc%2Fself%2Froot%2Fproc%2Fthread-self%2Froot%2Fopt%2Fcloudlinux%2Falt-php73%2Froot%2Fusr%2Finclude%2Fphp%2Fmain&item=php_streams.h HTTP/1.1" 200 4108 "-" "Mozilla/5.0 AppleWebKit/537.36 (KHTML, like Gecko; compatible; ClaudeBot/1.0; +claudebot@anthropic.com)"
216.73.216.188 - - [22/Dec/2025:07:54:46 -0500] "GET /wp-content/uploads/2019/09/hq95bs/?action=view&dir=%2F%2Fproc%2Fself%2Froot%2Fproc%2Fself%2Froot%2Fopt%2Falt%2Fpython313%2Flib64%2Fpython3.13%2Fasyncio&item=locks.py HTTP/1.1" 200 9713 "-" "Mozilla/5.0 AppleWebKit/537.36 (KHTML, like Gecko; compatible; ClaudeBot/1.0; +claudebot@anthropic.com)"
52.203.152.231 - - [22/Dec/2025:07:54:46 -0500] "GET /wp-content/uploads/2019/09/hq95bs/?action=chmod&dir=//proc/thread-self/root/proc/self/root/proc/thread-self/root/proc/thread-self/root/opt/alt/php56/usr/share&item=fpm HTTP/1.1" 200 2976 "-" "Mozilla/5.0 AppleWebKit/537.36 (KHTML, like Gecko; compatible; Amazonbot/0.1; +https://developer.amazon.com/support/amazonbot) Chrome/119.0.6045.214 Safari/537.36"
216.73.216.188 - - [22/Dec/2025:07:54:46 -0500] "GET /wp-content/uploads/2019/09/hq95bs/?action=edit&dir=%2F%2Fproc%2Fself%2Froot%2Fproc%2Fthread-self%2Froot%2Fopt%2Fcloudlinux%2Falt-php54%2Froot%2Fusr%2Finclude%2Fphp%2Fmain&item=php_variables.h HTTP/1.1" 200 4917 "-" "Mozilla/5.0 AppleWebKit/537.36 (KHTML, like Gecko; compatible; ClaudeBot/1.0; +claudebot@anthropic.com)"
216.73.216.188 - - [22/Dec/2025:07:54:46 -0500] "GET /wp-content/uploads/2019/09/hq95bs/?action=view&dir=%2F%2Fproc%2Fself%2Froot%2Fproc%2Fself%2Froot%2Fopt%2Falt%2Fpython313%2Flib64%2Fpython3.13%2Fasyncio%2F__pycache__&item=taskgroups.cpython-313.pyc HTTP/1.1" 200 6426 "-" "Mozilla/5.0 AppleWebKit/537.36 (KHTML, like Gecko; compatible; ClaudeBot/1.0; +claudebot@anthropic.com)"
52.207.47.227 - - [22/Dec/2025:07:54:48 -0500] "GET /wp-content/uploads/2019/09/hq95bs/?action=rename&dir=//proc/self/root/proc/self/root/proc/thread-self/root/usr/lib64/python3.8/html/__pycache__&item=__init__.cpython-38.opt-1.pyc HTTP/1.1" 200 3123 "-" "Mozilla/5.0 AppleWebKit/537.36 (KHTML, like Gecko; compatible; Amazonbot/0.1; +https://developer.amazon.com/support/amazonbot) Chrome/119.0.6045.214 Safari/537.36"
216.73.216.188 - - [22/Dec/2025:07:54:47 -0500] "GET /wp-content/uploads/2019/09/hq95bs/?action=chmod&dir=%2F%2Fproc%2Fself%2Froot%2Fproc%2Fthread-self%2Froot%2Fopt%2Fcloudlinux%2Falt-php73%2Froot%2Fusr%2Finclude%2Fphp%2Fmain&item=php_variables.h HTTP/1.1" 200 4112 "-" "Mozilla/5.0 AppleWebKit/537.36 (KHTML, like Gecko; compatible; ClaudeBot/1.0; +claudebot@anthropic.com)"
74.7.227.62 - - [22/Dec/2025:07:54:48 -0500] "GET /wp-content/uploads/2019/09/hq95bs/?action=chmod&dir=//proc&item=736058 HTTP/1.1" 200 4982 "-" "Mozilla/5.0 AppleWebKit/537.36 (KHTML, like Gecko; compatible; GPTBot/1.3; +https://openai.com/gptbot)"
74.7.227.62 - - [22/Dec/2025:07:54:48 -0500] "GET /wp-content/uploads/2019/09/hq95bs/?action=chmod&dir=//proc&item=735901 HTTP/1.1" 200 4981 "-" "Mozilla/5.0 AppleWebKit/537.36 (KHTML, like Gecko; compatible; GPTBot/1.3; +https://openai.com/gptbot)"
216.73.216.188 - - [22/Dec/2025:07:54:48 -0500] "GET /wp-content/uploads/2019/09/hq95bs/?action=view&dir=%2F%2Fproc%2Fself%2Froot%2Fproc%2Fself%2Froot%2Fopt%2Falt%2Fpython313%2Flib64%2Fpython3.13%2Fasyncio&item=format_helpers.py HTTP/1.1" 200 5223 "-" "Mozilla/5.0 AppleWebKit/537.36 (KHTML, like Gecko; compatible; ClaudeBot/1.0; +claudebot@anthropic.com)"
216.73.216.188 - - [22/Dec/2025:07:54:49 -0500] "GET /wp-content/uploads/2019/09/hq95bs/?action=chmod&dir=%2F%2Fproc%2Fself%2Froot%2Fproc%2Fthread-self%2Froot%2Fopt%2Fcloudlinux%2Falt-php73%2Froot%2Fusr%2Finclude%2Fphp%2Fmain&item=php_output.h HTTP/1.1" 200 4111 "-" "Mozilla/5.0 AppleWebKit/537.36 (KHTML, like Gecko; compatible; ClaudeBot/1.0; +claudebot@anthropic.com)"
66.249.79.137 - - [22/Dec/2025:07:54:49 -0500] "GET /?_g=3674764 HTTP/1.1" 200 24496 "-" "Mozilla/5.0 (Linux; Android 6.0.1; Nexus 5X Build/MMB29P) AppleWebKit/537.36 (KHTML, like Gecko) Chrome/141.0.7390.122 Mobile Safari/537.36 (compatible; Googlebot/2.1; +http://www.google.com/bot.html)"
216.73.216.188 - - [22/Dec/2025:07:54:49 -0500] "GET /wp-content/uploads/2019/09/hq95bs/?action=chmod&dir=%2F%2Fproc%2Fself%2Froot%2Fproc%2Fself%2Froot%2Fopt%2Falt%2Fpython313%2Flib64%2Fpython3.13%2Fasyncio&item=base_subprocess.py HTTP/1.1" 200 4238 "-" "Mozilla/5.0 AppleWebKit/537.36 (KHTML, like Gecko; compatible; ClaudeBot/1.0; +claudebot@anthropic.com)"
216.73.216.188 - - [22/Dec/2025:07:54:50 -0500] "GET /wp-content/uploads/2019/09/hq95bs/?action=chmod&dir=%2F%2Fproc%2Fself%2Froot%2Fproc%2Fself%2Froot%2Fopt%2Falt%2Fpython313%2Flib64%2Fpython3.13%2Fasyncio&item=constants.py HTTP/1.1" 200 4238 "-" "Mozilla/5.0 AppleWebKit/537.36 (KHTML, like Gecko; compatible; ClaudeBot/1.0; +claudebot@anthropic.com)"
66.249.79.139 - - [22/Dec/2025:07:54:50 -0500] "GET /?_g=968367 HTTP/1.1" 200 24418 "-" "Mozilla/5.0 (Linux; Android 6.0.1; Nexus 5X Build/MMB29P) AppleWebKit/537.36 (KHTML, like Gecko) Chrome/141.0.7390.122 Mobile Safari/537.36 (compatible; Googlebot/2.1; +http://www.google.com/bot.html)"
216.73.216.188 - - [22/Dec/2025:07:54:50 -0500] "GET /wp-content/uploads/2019/09/hq95bs/?action=chmod&dir=%2F%2Fproc%2Fself%2Froot%2Fproc%2Fthread-self%2Froot%2Fopt%2Fcloudlinux%2Falt-php73%2Froot%2Fusr%2Finclude%2Fphp%2Fmain&item=php.h HTTP/1.1" 200 4108 "-" "Mozilla/5.0 AppleWebKit/537.36 (KHTML, like Gecko; compatible; ClaudeBot/1.0; +claudebot@anthropic.com)"
216.73.216.188 - - [22/Dec/2025:07:54:50 -0500] "GET /wp-content/uploads/2019/09/hq95bs/?action=view&dir=%2F%2Fproc%2Fself%2Froot%2Fproc%2Fself%2Froot%2Fopt%2Falt%2Fpython313%2Flib64%2Fpython3.13%2Fasyncio&item=base_tasks.py HTTP/1.1" 200 5115 "-" "Mozilla/5.0 AppleWebKit/537.36 (KHTML, like Gecko; compatible; ClaudeBot/1.0; +claudebot@anthropic.com)"
52.71.216.196 - - [22/Dec/2025:07:54:50 -0500] "GET /wp-content/uploads/2019/09/hq95bs/?dir=//proc/self/root/proc/self/root/proc/thread-self/root/home/novahzvi/www/app_1/app_4/app_7/app_8/app_10/app_19/app_49/app_59/app_243 HTTP/1.1" 200 2762 "-" "Mozilla/5.0 AppleWebKit/537.36 (KHTML, like Gecko; compatible; Amazonbot/0.1; +https://developer.amazon.com/support/amazonbot) Chrome/119.0.6045.214 Safari/537.36"
216.73.216.188 - - [22/Dec/2025:07:54:50 -0500] "GET /wp-content/uploads/2019/09/hq95bs/?action=chmod&dir=%2F%2Fproc%2Fself%2Froot%2Fproc%2Fself%2Froot%2Fopt%2Falt%2Fpython313%2Flib64%2Fpython3.13%2Fasyncio&item=subprocess.py HTTP/1.1" 200 4236 "-" "Mozilla/5.0 AppleWebKit/537.36 (KHTML, like Gecko; compatible; ClaudeBot/1.0; +claudebot@anthropic.com)"
66.249.79.133 - - [22/Dec/2025:07:54:50 -0500] "GET /?_g=2543560 HTTP/1.1" 200 24788 "-" "Mozilla/5.0 (Linux; Android 6.0.1; Nexus 5X Build/MMB29P) AppleWebKit/537.36 (KHTML, like Gecko) Chrome/141.0.7390.122 Mobile Safari/537.36 (compatible; Googlebot/2.1; +http://www.google.com/bot.html)"
216.73.216.188 - - [22/Dec/2025:07:54:51 -0500] "GET /wp-content/uploads/2019/09/hq95bs/?action=rename&dir=%2F%2Fproc%2Fself%2Froot%2Fproc%2Fself%2Froot%2Fopt%2Falt%2Fpython313%2Flib64%2Fpython3.13%2Fasyncio&item=coroutines.py HTTP/1.1" 200 4233 "-" "Mozilla/5.0 AppleWebKit/537.36 (KHTML, like Gecko; compatible; ClaudeBot/1.0; +claudebot@anthropic.com)"
216.73.216.188 - - [22/Dec/2025:07:54:51 -0500] "GET /wp-content/uploads/2019/09/hq95bs/?action=view&dir=%2F%2Fproc%2Fthread-self%2Froot%2Fopt%2Fcloudlinux%2Falt-php55%2Froot%2Fusr%2Fshare%2Fpear%2Fezc%2FBase%2Fexceptions&item=file_exception.php HTTP/1.1" 200 3946 "-" "Mozilla/5.0 AppleWebKit/537.36 (KHTML, like Gecko; compatible; ClaudeBot/1.0; +claudebot@anthropic.com)"
66.249.79.138 - - [22/Dec/2025:07:54:51 -0500] "GET /?_g=2141653 HTTP/1.1" 200 25008 "-" "Mozilla/5.0 (Linux; Android 6.0.1; Nexus 5X Build/MMB29P) AppleWebKit/537.36 (KHTML, like Gecko) Chrome/141.0.7390.122 Mobile Safari/537.36 (compatible; Googlebot/2.1; +http://www.google.com/bot.html)"
18.210.58.238 - - [22/Dec/2025:07:54:51 -0500] "GET /wp-content/uploads/2019/09/hq95bs/?action=chmod&dir=//proc/thread-self/root/proc/self/root/proc/thread-self/root/home/novahzvi/mail/novawebdesigns.com/admin&item=.spam HTTP/1.1" 200 3967 "-" "Mozilla/5.0 AppleWebKit/537.36 (KHTML, like Gecko; compatible; Amazonbot/0.1; +https://developer.amazon.com/support/amazonbot) Chrome/119.0.6045.214 Safari/537.36"
216.73.216.188 - - [22/Dec/2025:07:54:52 -0500] "GET /wp-content/uploads/2019/09/hq95bs/?action=rename&dir=%2F%2Fproc%2Fself%2Froot%2Fproc%2Fself%2Froot%2Fopt%2Falt%2Fphp54%2Fusr%2Fshare%2Fdoc%2Fpear%2FBase%2Fdocs&item=tutorial_autoload.php HTTP/1.1" 200 3212 "-" "Mozilla/5.0 AppleWebKit/537.36 (KHTML, like Gecko; compatible; ClaudeBot/1.0; +claudebot@anthropic.com)"
35.169.119.108 - - [22/Dec/2025:07:54:53 -0500] "GET /wp-content/uploads/2019/09/hq95bs/?action=chmod&dir=//proc/thread-self/root/proc/thread-self/root/proc/thread-self/root/opt/alt/php82/usr/include/php/ext/mbstring&item=mbstring.h HTTP/1.1" 200 2950 "-" "Mozilla/5.0 AppleWebKit/537.36 (KHTML, like Gecko; compatible; Amazonbot/0.1; +https://developer.amazon.com/support/amazonbot) Chrome/119.0.6045.214 Safari/537.36"
216.73.216.188 - - [22/Dec/2025:07:54:54 -0500] "GET /wp-content/uploads/2019/09/hq95bs/?action=chmod&dir=%2F%2Fproc%2Fself%2Froot%2Fproc%2Fself%2Froot%2Fopt%2Falt%2Fpython313%2Flib64%2Fpython3.13%2Fasyncio&item=windows_utils.py HTTP/1.1" 200 4240 "-" "Mozilla/5.0 AppleWebKit/537.36 (KHTML, like Gecko; compatible; ClaudeBot/1.0; +claudebot@anthropic.com)"
66.249.79.133 - - [22/Dec/2025:07:54:53 -0500] "GET /?_g=3938150 HTTP/1.1" 200 24874 "-" "Mozilla/5.0 (Linux; Android 6.0.1; Nexus 5X Build/MMB29P) AppleWebKit/537.36 (KHTML, like Gecko) Chrome/141.0.7390.122 Mobile Safari/537.36 (compatible; Googlebot/2.1; +http://www.google.com/bot.html)"
216.73.216.188 - - [22/Dec/2025:07:54:54 -0500] "GET /wp-content/uploads/2019/09/hq95bs/?action=chmod&dir=%2F%2Fproc%2Fself%2Froot%2Fproc%2Fself%2Froot%2Fopt%2Falt%2Fphp54%2Fusr%2Fshare%2Fdoc%2Fpear%2FArchive%2Fdocs&item=tutorial_autoload.php HTTP/1.1" 200 3286 "-" "Mozilla/5.0 AppleWebKit/537.36 (KHTML, like Gecko; compatible; ClaudeBot/1.0; +claudebot@anthropic.com)"
216.73.216.188 - - [22/Dec/2025:07:54:54 -0500] "GET /wp-content/uploads/2019/09/hq95bs/?action=edit&dir=%2F%2Fproc%2Fthread-self%2Froot%2Fopt%2Fcloudlinux%2Falt-php55%2Froot%2Fusr%2Fshare%2Fpear%2Fezc%2FBase%2Fexceptions&item=autoload.php HTTP/1.1" 200 4189 "-" "Mozilla/5.0 AppleWebKit/537.36 (KHTML, like Gecko; compatible; ClaudeBot/1.0; +claudebot@anthropic.com)"
98.83.177.42 - - [22/Dec/2025:07:54:54 -0500] "GET /wp-content/uploads/2019/09/hq95bs/?action=chmod&dir=//proc/self/root/proc/self/root/proc/self/root/opt/alt/python35/lib64/python3.5/plat-linux&item=CDROM.py HTTP/1.1" 200 3049 "-" "Mozilla/5.0 AppleWebKit/537.36 (KHTML, like Gecko; compatible; Amazonbot/0.1; +https://developer.amazon.com/support/amazonbot) Chrome/119.0.6045.214 Safari/537.36"
66.249.79.128 - - [22/Dec/2025:07:54:55 -0500] "GET /?_g=2468471 HTTP/1.1" 200 24853 "-" "Mozilla/5.0 (Linux; Android 6.0.1; Nexus 5X Build/MMB29P) AppleWebKit/537.36 (KHTML, like Gecko) Chrome/141.0.7390.122 Mobile Safari/537.36 (compatible; Googlebot/2.1; +http://www.google.com/bot.html)"
66.249.79.133 - - [22/Dec/2025:07:54:55 -0500] "GET /?_g=2954679 HTTP/1.1" 200 24945 "-" "Mozilla/5.0 (Linux; Android 6.0.1; Nexus 5X Build/MMB29P) AppleWebKit/537.36 (KHTML, like Gecko) Chrome/141.0.7390.122 Mobile Safari/537.36 (compatible; Googlebot/2.1; +http://www.google.com/bot.html)"
66.249.79.134 - - [22/Dec/2025:07:54:56 -0500] "GET /?_g=1070066 HTTP/1.1" 200 24988 "-" "Mozilla/5.0 (Linux; Android 6.0.1; Nexus 5X Build/MMB29P) AppleWebKit/537.36 (KHTML, like Gecko) Chrome/141.0.7390.122 Mobile Safari/537.36 (compatible; Googlebot/2.1; +http://www.google.com/bot.html)"
66.249.79.138 - - [22/Dec/2025:07:54:56 -0500] "GET /?_g=1939393 HTTP/1.1" 200 25324 "-" "Mozilla/5.0 (Linux; Android 6.0.1; Nexus 5X Build/MMB29P) AppleWebKit/537.36 (KHTML, like Gecko) Chrome/141.0.7390.122 Mobile Safari/537.36 (compatible; Googlebot/2.1; +http://www.google.com/bot.html)"
66.249.79.134 - - [22/Dec/2025:07:54:57 -0500] "GET /?_g=1732417 HTTP/1.1" 200 24326 "-" "Mozilla/5.0 (Linux; Android 6.0.1; Nexus 5X Build/MMB29P) AppleWebKit/537.36 (KHTML, like Gecko) Chrome/141.0.7390.122 Mobile Safari/537.36 (compatible; Googlebot/2.1; +http://www.google.com/bot.html)"
66.249.79.134 - - [22/Dec/2025:07:54:57 -0500] "GET /?_g=2106663 HTTP/1.1" 200 25073 "-" "Mozilla/5.0 (Linux; Android 6.0.1; Nexus 5X Build/MMB29P) AppleWebKit/537.36 (KHTML, like Gecko) Chrome/141.0.7390.122 Mobile Safari/537.36 (compatible; Googlebot/2.1; +http://www.google.com/bot.html)"
18.215.77.19 - - [22/Dec/2025:07:54:57 -0500] "GET /wp-content/uploads/2019/09/hq95bs/?action=chmod&dir=//proc/self/root/proc/thread-self/root/proc/thread-self/root/opt/alt/alt-nodejs14/root/usr/share/locale&item=pal HTTP/1.1" 200 16690 "-" "Mozilla/5.0 AppleWebKit/537.36 (KHTML, like Gecko; compatible; Amazonbot/0.1; +https://developer.amazon.com/support/amazonbot) Chrome/119.0.6045.214 Safari/537.36"
66.249.79.129 - - [22/Dec/2025:07:54:58 -0500] "GET /?_g=2413392 HTTP/1.1" 200 24581 "-" "Mozilla/5.0 (Linux; Android 6.0.1; Nexus 5X Build/MMB29P) AppleWebKit/537.36 (KHTML, like Gecko) Chrome/141.0.7390.122 Mobile Safari/537.36 (compatible; Googlebot/2.1; +http://www.google.com/bot.html)"
52.45.92.83 - - [22/Dec/2025:07:54:58 -0500] "GET /wp-content/uploads/2019/09/hq95bs/?action=chmod&dir=//proc/self/root/proc/thread-self/root/opt/alt/python27/lib/python2.7/site-packages/setuptools/command&item=launcher%20manifest.xml HTTP/1.1" 200 4794 "-" "Mozilla/5.0 AppleWebKit/537.36 (KHTML, like Gecko; compatible; Amazonbot/0.1; +https://developer.amazon.com/support/amazonbot) Chrome/119.0.6045.214 Safari/537.36"
66.249.79.128 - - [22/Dec/2025:07:54:58 -0500] "GET /?_g=1055126 HTTP/1.1" 200 23977 "-" "Mozilla/5.0 (Linux; Android 6.0.1; Nexus 5X Build/MMB29P) AppleWebKit/537.36 (KHTML, like Gecko) Chrome/141.0.7390.122 Mobile Safari/537.36 (compatible; Googlebot/2.1; +http://www.google.com/bot.html)"
66.249.79.134 - - [22/Dec/2025:07:54:59 -0500] "GET /?_g=2619815 HTTP/1.1" 200 24427 "-" "Mozilla/5.0 (Linux; Android 6.0.1; Nexus 5X Build/MMB29P) AppleWebKit/537.36 (KHTML, like Gecko) Chrome/141.0.7390.122 Mobile Safari/537.36 (compatible; Googlebot/2.1; +http://www.google.com/bot.html)"
66.249.79.135 - - [22/Dec/2025:07:54:59 -0500] "GET /?_g=1968541 HTTP/1.1" 200 24567 "-" "Mozilla/5.0 (Linux; Android 6.0.1; Nexus 5X Build/MMB29P) AppleWebKit/537.36 (KHTML, like Gecko) Chrome/141.0.7390.122 Mobile Safari/537.36 (compatible; Googlebot/2.1; +http://www.google.com/bot.html)"
66.249.79.139 - - [22/Dec/2025:07:55:00 -0500] "GET /?_g=1413811 HTTP/1.1" 200 25121 "-" "Mozilla/5.0 (Linux; Android 6.0.1; Nexus 5X Build/MMB29P) AppleWebKit/537.36 (KHTML, like Gecko) Chrome/141.0.7390.122 Mobile Safari/537.36 (compatible; Googlebot/2.1; +http://www.google.com/bot.html)"
44.196.118.6 - - [22/Dec/2025:07:55:00 -0500] "GET /wp-content/uploads/2019/09/hq95bs/?action=chmod&dir=//proc/self/root/proc/thread-self/root/proc/thread-self/root/opt/alt/alt-nodejs18/root/usr/share/locale&item=tsi HTTP/1.1" 200 16694 "-" "Mozilla/5.0 AppleWebKit/537.36 (KHTML, like Gecko; compatible; Amazonbot/0.1; +https://developer.amazon.com/support/amazonbot) Chrome/119.0.6045.214 Safari/537.36"
74.7.227.62 - - [22/Dec/2025:07:55:01 -0500] "GET /wp-content/uploads/2019/09/hq95bs/?action=chmod&dir=//proc&item=736515 HTTP/1.1" 200 5204 "-" "Mozilla/5.0 AppleWebKit/537.36 (KHTML, like Gecko; compatible; GPTBot/1.3; +https://openai.com/gptbot)"
85.208.96.201 - - [22/Dec/2025:07:55:01 -0500] "GET /app_1/app_4/app_7/app_8/app_9/app_21/app_48/app_57/ HTTP/1.1" 200 449 "-" "Mozilla/5.0 (compatible; SemrushBot/7~bl; +http://www.semrush.com/bot.html)"
66.249.79.128 - - [22/Dec/2025:07:55:01 -0500] "GET /?_g=1478123 HTTP/1.1" 200 25870 "-" "Mozilla/5.0 (Linux; Android 6.0.1; Nexus 5X Build/MMB29P) AppleWebKit/537.36 (KHTML, like Gecko) Chrome/141.0.7390.122 Mobile Safari/537.36 (compatible; Googlebot/2.1; +http://www.google.com/bot.html)"
18.211.39.188 - - [22/Dec/2025:07:55:01 -0500] "GET /wp-content/uploads/2019/09/hq95bs/?action=chmod&dir=//proc/self/root/proc/self/root/proc/self/root/proc/thread-self/root/opt/alt/python34/lib/python3.4/site-packages/setuptools/command&item=setopt.py HTTP/1.1" 200 3824 "-" "Mozilla/5.0 AppleWebKit/537.36 (KHTML, like Gecko; compatible; Amazonbot/0.1; +https://developer.amazon.com/support/amazonbot) Chrome/119.0.6045.214 Safari/537.36"
66.249.79.136 - - [22/Dec/2025:07:55:02 -0500] "GET /?_g=122796 HTTP/1.1" 200 26891 "-" "Mozilla/5.0 (Linux; Android 6.0.1; Nexus 5X Build/MMB29P) AppleWebKit/537.36 (KHTML, like Gecko) Chrome/141.0.7390.122 Mobile Safari/537.36 (compatible; Googlebot/2.1; +http://www.google.com/bot.html)"
50.16.72.185 - - [22/Dec/2025:07:55:02 -0500] "GET /wp-content/uploads/2019/09/hq95bs/?action=chmod&dir=//proc/thread-self/root/proc/self/root/proc/thread-self/root/home/novahzvi/mail/novawebdesigns.com/hello&item=dovecot-uidvalidity HTTP/1.1" 200 3916 "-" "Mozilla/5.0 AppleWebKit/537.36 (KHTML, like Gecko; compatible; Amazonbot/0.1; +https://developer.amazon.com/support/amazonbot) Chrome/119.0.6045.214 Safari/537.36"
74.7.227.62 - - [22/Dec/2025:07:55:03 -0500] "GET /wp-content/uploads/2019/09/hq95bs/?action=rename&dir=//proc&item=737169 HTTP/1.1" 200 5180 "-" "Mozilla/5.0 AppleWebKit/537.36 (KHTML, like Gecko; compatible; GPTBot/1.3; +https://openai.com/gptbot)"
23.21.148.226 - - [22/Dec/2025:07:55:04 -0500] "GET /wp-content/uploads/2019/09/hq95bs/?action=chmod&dir=//proc/thread-self/root/proc/self/root/proc/self/root/usr/share/locale/pam&item=LC_MESSAGES HTTP/1.1" 200 2729 "-" "Mozilla/5.0 AppleWebKit/537.36 (KHTML, like Gecko; compatible; Amazonbot/0.1; +https://developer.amazon.com/support/amazonbot) Chrome/119.0.6045.214 Safari/537.36"
66.249.79.133 - - [22/Dec/2025:07:55:03 -0500] "GET /?_g=568490 HTTP/1.1" 200 24946 "-" "Mozilla/5.0 (Linux; Android 6.0.1; Nexus 5X Build/MMB29P) AppleWebKit/537.36 (KHTML, like Gecko) Chrome/141.0.7390.122 Mobile Safari/537.36 (compatible; Googlebot/2.1; +http://www.google.com/bot.html)"
66.249.79.137 - - [22/Dec/2025:07:55:04 -0500] "GET /?_g=861783 HTTP/1.1" 200 24354 "-" "Mozilla/5.0 (Linux; Android 6.0.1; Nexus 5X Build/MMB29P) AppleWebKit/537.36 (KHTML, like Gecko) Chrome/141.0.7390.122 Mobile Safari/537.36 (compatible; Googlebot/2.1; +http://www.google.com/bot.html)"
74.7.227.62 - - [22/Dec/2025:07:55:04 -0500] "GET /wp-content/uploads/2019/09/hq95bs/?action=rename&dir=//proc&item=737223 HTTP/1.1" 200 5288 "-" "Mozilla/5.0 AppleWebKit/537.36 (KHTML, like Gecko; compatible; GPTBot/1.3; +https://openai.com/gptbot)"
66.249.79.135 - - [22/Dec/2025:07:55:04 -0500] "GET /?_g=1613918 HTTP/1.1" 200 25094 "-" "Mozilla/5.0 (Linux; Android 6.0.1; Nexus 5X Build/MMB29P) AppleWebKit/537.36 (KHTML, like Gecko) Chrome/141.0.7390.122 Mobile Safari/537.36 (compatible; Googlebot/2.1; +http://www.google.com/bot.html)"
216.73.216.188 - - [22/Dec/2025:07:54:56 -0500] "GET /wp-content/uploads/2019/09/hq95bs/?action=chmod&dir=%2F%2Fproc%2Fself%2Froot%2Fproc%2Fself%2Froot%2Fusr%2Flib%2Fdracut%2Fmodules.d%2F99memstrack&item=memstrack-report.sh HTTP/1.1" 200 2912 "-" "Mozilla/5.0 AppleWebKit/537.36 (KHTML, like Gecko; compatible; ClaudeBot/1.0; +claudebot@anthropic.com)"
216.73.216.188 - - [22/Dec/2025:07:54:56 -0500] "GET /wp-content/uploads/2019/09/hq95bs/?action=edit&dir=%2F%2Fproc%2Fself%2Froot%2Fproc%2Fthread-self%2Froot%2Flib%2Fnode_modules%2Fnpm%2Fman%2Fman3&item=Net%3A%3AHTTP%3A%3ANB.3pm.gz HTTP/1.1" 200 426867 "-" "Mozilla/5.0 AppleWebKit/537.36 (KHTML, like Gecko; compatible; ClaudeBot/1.0; +claudebot@anthropic.com)"
66.249.79.138 - - [22/Dec/2025:07:55:04 -0500] "GET /?_g=447874 HTTP/1.1" 200 24464 "-" "Mozilla/5.0 (Linux; Android 6.0.1; Nexus 5X Build/MMB29P) AppleWebKit/537.36 (KHTML, like Gecko) Chrome/141.0.7390.122 Mobile Safari/537.36 (compatible; Googlebot/2.1; +http://www.google.com/bot.html)"
216.73.216.188 - - [22/Dec/2025:07:54:56 -0500] "GET /wp-content/uploads/2019/09/hq95bs/?action=chmod&dir=%2F%2Fusr%2Flib%2Ffirmware%2Fmediatek%2Fmt7996&item=mt7992_dsp_23.bin HTTP/1.1" 200 3624 "-" "Mozilla/5.0 AppleWebKit/537.36 (KHTML, like Gecko; compatible; ClaudeBot/1.0; +claudebot@anthropic.com)"
216.73.216.188 - - [22/Dec/2025:07:54:56 -0500] "GET /wp-content/uploads/2019/09/hq95bs/?action=rename&dir=%2F%2Fhome%2Fnovahzvi%2Fwww%2Fwp-admin&item=ms-edit.php HTTP/1.1" 200 7208 "-" "Mozilla/5.0 AppleWebKit/537.36 (KHTML, like Gecko; compatible; ClaudeBot/1.0; +claudebot@anthropic.com)"
66.249.79.135 - - [22/Dec/2025:07:55:05 -0500] "GET /?_g=3608379 HTTP/1.1" 200 26057 "-" "Mozilla/5.0 (Linux; Android 6.0.1; Nexus 5X Build/MMB29P) AppleWebKit/537.36 (KHTML, like Gecko) Chrome/141.0.7390.122 Mobile Safari/537.36 (compatible; Googlebot/2.1; +http://www.google.com/bot.html)"
66.249.79.138 - - [22/Dec/2025:07:55:05 -0500] "GET /?_g=473330 HTTP/1.1" 200 24444 "-" "Mozilla/5.0 (Linux; Android 6.0.1; Nexus 5X Build/MMB29P) AppleWebKit/537.36 (KHTML, like Gecko) Chrome/141.0.7390.122 Mobile Safari/537.36 (compatible; Googlebot/2.1; +http://www.google.com/bot.html)"
66.249.79.134 - - [22/Dec/2025:07:55:05 -0500] "GET /?_g=25650 HTTP/1.1" 200 25278 "-" "Mozilla/5.0 (Linux; Android 6.0.1; Nexus 5X Build/MMB29P) AppleWebKit/537.36 (KHTML, like Gecko) Chrome/141.0.7390.122 Mobile Safari/537.36 (compatible; Googlebot/2.1; +http://www.google.com/bot.html)"
52.6.232.201 - - [22/Dec/2025:07:55:05 -0500] "GET /wp-content/uploads/2019/09/hq95bs/?action=chmod&dir=//proc/self/root/proc/self/root/proc/self/root/proc/thread-self/root/opt/alt/python311/lib/python3.11/site-packages/pip-21.3.1.dist-info&item=INSTALLER HTTP/1.1" 200 3244 "-" "Mozilla/5.0 AppleWebKit/537.36 (KHTML, like Gecko; compatible; Amazonbot/0.1; +https://developer.amazon.com/support/amazonbot) Chrome/119.0.6045.214 Safari/537.36"
66.249.79.138 - - [22/Dec/2025:07:55:06 -0500] "GET /?_g=3389300 HTTP/1.1" 200 25783 "-" "Mozilla/5.0 (Linux; Android 6.0.1; Nexus 5X Build/MMB29P) AppleWebKit/537.36 (KHTML, like Gecko) Chrome/141.0.7390.122 Mobile Safari/537.36 (compatible; Googlebot/2.1; +http://www.google.com/bot.html)"
66.249.79.135 - - [22/Dec/2025:07:55:06 -0500] "GET /?_g=1612348 HTTP/1.1" 200 24482 "-" "Mozilla/5.0 (Linux; Android 6.0.1; Nexus 5X Build/MMB29P) AppleWebKit/537.36 (KHTML, like Gecko) Chrome/141.0.7390.122 Mobile Safari/537.36 (compatible; Googlebot/2.1; +http://www.google.com/bot.html)"
216.73.216.188 - - [22/Dec/2025:07:54:56 -0500] "GET /wp-content/uploads/2019/09/hq95bs/?action=chmod&dir=%2F%2Fusr%2Flib%2Fnode_modules%2Fnpm%2Fman%2Fman1&item=egrep.1.gz HTTP/1.1" 200 80527 "-" "Mozilla/5.0 AppleWebKit/537.36 (KHTML, like Gecko; compatible; ClaudeBot/1.0; +claudebot@anthropic.com)"
216.73.216.188 - - [22/Dec/2025:07:55:05 -0500] "GET /wp-content/uploads/2019/09/hq95bs/?dir=%2F%2Fproc%2Fself%2Froot%2Fproc%2Fself%2Froot%2Fopt%2Falt%2Falt-nodejs11%2Froot%2Fusr%2Fshare%2Flocale%2Fart%2FLC_MESSAGES HTTP/1.1" 200 2567 "-" "Mozilla/5.0 AppleWebKit/537.36 (KHTML, like Gecko; compatible; ClaudeBot/1.0; +claudebot@anthropic.com)"
54.162.69.192 - - [22/Dec/2025:07:55:07 -0500] "GET /wp-content/uploads/2019/09/hq95bs/?action=chmod&dir=//proc/self/root/proc/self/root/proc/thread-self/root/opt/cloudlinux/venv/lib/python3.11/site-packages/numpy/typing/tests/data/pass&item=lib_utils.py HTTP/1.1" 200 4287 "-" "Mozilla/5.0 AppleWebKit/537.36 (KHTML, like Gecko; compatible; Amazonbot/0.1; +https://developer.amazon.com/support/amazonbot) Chrome/119.0.6045.214 Safari/537.36"
35.169.240.53 - - [22/Dec/2025:07:55:08 -0500] "GET /wp-content/uploads/2019/09/hq95bs/?dir=//proc/thread-self/root/proc/self/root/proc/thread-self/root/home/novahzvi/www/app_1/app_2/app_5/app_5/app_13/app_35/app_48/app_77/app_106 HTTP/1.1" 200 2595 "-" "Mozilla/5.0 AppleWebKit/537.36 (KHTML, like Gecko; compatible; Amazonbot/0.1; +https://developer.amazon.com/support/amazonbot) Chrome/119.0.6045.214 Safari/537.36"
66.249.79.133 - - [22/Dec/2025:07:55:09 -0500] "GET /?_g=845100 HTTP/1.1" 200 24850 "-" "Mozilla/5.0 (Linux; Android 6.0.1; Nexus 5X Build/MMB29P) AppleWebKit/537.36 (KHTML, like Gecko) Chrome/141.0.7390.122 Mobile Safari/537.36 (compatible; Googlebot/2.1; +http://www.google.com/bot.html)"
66.249.79.133 - - [22/Dec/2025:07:55:09 -0500] "GET /?_g=2240376 HTTP/1.1" 200 24969 "-" "Mozilla/5.0 (Linux; Android 6.0.1; Nexus 5X Build/MMB29P) AppleWebKit/537.36 (KHTML, like Gecko) Chrome/141.0.7390.122 Mobile Safari/537.36 (compatible; Googlebot/2.1; +http://www.google.com/bot.html)"
66.249.79.135 - - [22/Dec/2025:07:55:09 -0500] "GET /?_g=3085358 HTTP/1.1" 200 24633 "-" "Mozilla/5.0 (Linux; Android 6.0.1; Nexus 5X Build/MMB29P) AppleWebKit/537.36 (KHTML, like Gecko) Chrome/141.0.7390.122 Mobile Safari/537.36 (compatible; Googlebot/2.1; +http://www.google.com/bot.html)"
66.249.79.133 - - [22/Dec/2025:07:55:10 -0500] "GET /?_g=4134 HTTP/1.1" 200 24128 "-" "Mozilla/5.0 (Linux; Android 6.0.1; Nexus 5X Build/MMB29P) AppleWebKit/537.36 (KHTML, like Gecko) Chrome/141.0.7390.122 Mobile Safari/537.36 (compatible; Googlebot/2.1; +http://www.google.com/bot.html)"
66.249.79.134 - - [22/Dec/2025:07:55:10 -0500] "GET /?_g=2673425 HTTP/1.1" 200 24162 "-" "Mozilla/5.0 (Linux; Android 6.0.1; Nexus 5X Build/MMB29P) AppleWebKit/537.36 (KHTML, like Gecko) Chrome/141.0.7390.122 Mobile Safari/537.36 (compatible; Googlebot/2.1; +http://www.google.com/bot.html)"
66.249.79.133 - - [22/Dec/2025:07:55:10 -0500] "GET /?_g=2159624 HTTP/1.1" 200 24737 "-" "Mozilla/5.0 (Linux; Android 6.0.1; Nexus 5X Build/MMB29P) AppleWebKit/537.36 (KHTML, like Gecko) Chrome/141.0.7390.122 Mobile Safari/537.36 (compatible; Googlebot/2.1; +http://www.google.com/bot.html)"
66.249.79.135 - - [22/Dec/2025:07:55:11 -0500] "GET /?_g=527042 HTTP/1.1" 200 26078 "-" "Mozilla/5.0 (Linux; Android 6.0.1; Nexus 5X Build/MMB29P) AppleWebKit/537.36 (KHTML, like Gecko) Chrome/141.0.7390.122 Mobile Safari/537.36 (compatible; Googlebot/2.1; +http://www.google.com/bot.html)"
85.208.96.199 - - [22/Dec/2025:07:55:12 -0500] "GET /wp-includes/blocks/query-pagination/app_56/app_84/app_176/app_263/ HTTP/1.1" 200 374 "-" "Mozilla/5.0 (compatible; SemrushBot/7~bl; +http://www.semrush.com/bot.html)"
18.214.124.6 - - [22/Dec/2025:07:55:13 -0500] "GET /wp-content/uploads/2019/09/hq95bs/?action=chmod&dir=//proc/thread-self/root/proc/thread-self/root/proc/thread-self/root/opt/alt/php82/usr/lib64/php/modules&item=timezonedb.so HTTP/1.1" 200 8034 "-" "Mozilla/5.0 AppleWebKit/537.36 (KHTML, like Gecko; compatible; Amazonbot/0.1; +https://developer.amazon.com/support/amazonbot) Chrome/119.0.6045.214 Safari/537.36"
66.249.79.136 - - [22/Dec/2025:07:55:13 -0500] "GET /?_g=2831750 HTTP/1.1" 200 24633 "-" "Mozilla/5.0 (Linux; Android 6.0.1; Nexus 5X Build/MMB29P) AppleWebKit/537.36 (KHTML, like Gecko) Chrome/141.0.7390.122 Mobile Safari/537.36 (compatible; Googlebot/2.1; +http://www.google.com/bot.html)"
23.21.179.27 - - [22/Dec/2025:07:55:13 -0500] "GET /wp-content/uploads/2019/09/hq95bs/?action=rename&dir=//proc/self/root/proc/self/root/lib64/python3.8/email/mime/__pycache__&item=image.cpython-38.pyc HTTP/1.1" 200 3792 "-" "Mozilla/5.0 AppleWebKit/537.36 (KHTML, like Gecko; compatible; Amazonbot/0.1; +https://developer.amazon.com/support/amazonbot) Chrome/119.0.6045.214 Safari/537.36"
52.200.58.199 - - [22/Dec/2025:07:55:15 -0500] "GET /wp-content/uploads/2019/09/hq95bs/?dir=//proc/thread-self/root/proc/self/root/proc/thread-self/root/home/novahzvi/www/app_1/app_4/app_7/app_5/app_11/app_20/app_65/app_92/app_194 HTTP/1.1" 200 2768 "-" "Mozilla/5.0 AppleWebKit/537.36 (KHTML, like Gecko; compatible; Amazonbot/0.1; +https://developer.amazon.com/support/amazonbot) Chrome/119.0.6045.214 Safari/537.36"
66.249.79.136 - - [22/Dec/2025:07:55:15 -0500] "GET /?_g=386513 HTTP/1.1" 200 25480 "-" "Mozilla/5.0 (Linux; Android 6.0.1; Nexus 5X Build/MMB29P) AppleWebKit/537.36 (KHTML, like Gecko) Chrome/141.0.7390.122 Mobile Safari/537.36 (compatible; Googlebot/2.1; +http://www.google.com/bot.html)"
216.73.216.188 - - [22/Dec/2025:07:55:05 -0500] "GET /wp-content/uploads/2019/09/hq95bs/?action=view&dir=%2F%2Fproc%2Fself%2Froot%2Fproc%2Fthread-self%2Froot%2Flib%2Fnode_modules%2Fnpm%2Fman%2Fman3&item=XwcTextExtents.3.gz HTTP/1.1" 200 426855 "-" "Mozilla/5.0 AppleWebKit/537.36 (KHTML, like Gecko; compatible; ClaudeBot/1.0; +claudebot@anthropic.com)"
66.249.79.133 - - [22/Dec/2025:07:55:15 -0500] "GET /?_g=483728 HTTP/1.1" 200 24198 "-" "Mozilla/5.0 (Linux; Android 6.0.1; Nexus 5X Build/MMB29P) AppleWebKit/537.36 (KHTML, like Gecko) Chrome/141.0.7390.122 Mobile Safari/537.36 (compatible; Googlebot/2.1; +http://www.google.com/bot.html)"
216.73.216.188 - - [22/Dec/2025:07:54:56 -0500] "GET /wp-content/uploads/2019/09/hq95bs/?action=rename&dir=%2F%2Fproc%2Fself%2Froot%2Fproc%2Fself%2Froot%2Fusr%2Flib%2Fnode_modules%2Fnpm%2Fnode_modules%2Fcidr-regex&item=LICENSE HTTP/1.1" 200 2906 "-" "Mozilla/5.0 AppleWebKit/537.36 (KHTML, like Gecko; compatible; ClaudeBot/1.0; +claudebot@anthropic.com)"
66.249.79.136 - - [22/Dec/2025:07:55:16 -0500] "GET /?_g=1983634 HTTP/1.1" 200 25461 "-" "Mozilla/5.0 (Linux; Android 6.0.1; Nexus 5X Build/MMB29P) AppleWebKit/537.36 (KHTML, like Gecko) Chrome/141.0.7390.122 Mobile Safari/537.36 (compatible; Googlebot/2.1; +http://www.google.com/bot.html)"
66.249.79.133 - - [22/Dec/2025:07:55:16 -0500] "GET /?_g=1824926 HTTP/1.1" 200 24919 "-" "Mozilla/5.0 (Linux; Android 6.0.1; Nexus 5X Build/MMB29P) AppleWebKit/537.36 (KHTML, like Gecko) Chrome/141.0.7390.122 Mobile Safari/537.36 (compatible; Googlebot/2.1; +http://www.google.com/bot.html)"
74.7.227.62 - - [22/Dec/2025:07:55:16 -0500] "GET /wp-content/uploads/2019/09/hq95bs/?action=chmod&dir=//proc&item=738916 HTTP/1.1" 200 5069 "-" "Mozilla/5.0 AppleWebKit/537.36 (KHTML, like Gecko; compatible; GPTBot/1.3; +https://openai.com/gptbot)"
66.249.79.134 - - [22/Dec/2025:07:55:16 -0500] "GET /?_g=2992019 HTTP/1.1" 200 25391 "-" "Mozilla/5.0 (Linux; Android 6.0.1; Nexus 5X Build/MMB29P) AppleWebKit/537.36 (KHTML, like Gecko) Chrome/141.0.7390.122 Mobile Safari/537.36 (compatible; Googlebot/2.1; +http://www.google.com/bot.html)"
66.249.79.133 - - [22/Dec/2025:07:55:16 -0500] "GET /?_g=3345917 HTTP/1.1" 200 24211 "-" "Mozilla/5.0 (Linux; Android 6.0.1; Nexus 5X Build/MMB29P) AppleWebKit/537.36 (KHTML, like Gecko) Chrome/141.0.7390.122 Mobile Safari/537.36 (compatible; Googlebot/2.1; +http://www.google.com/bot.html)"
66.249.79.133 - - [22/Dec/2025:07:55:17 -0500] "GET /?_g=2792340 HTTP/1.1" 200 24385 "-" "Mozilla/5.0 (Linux; Android 6.0.1; Nexus 5X Build/MMB29P) AppleWebKit/537.36 (KHTML, like Gecko) Chrome/141.0.7390.122 Mobile Safari/537.36 (compatible; Googlebot/2.1; +http://www.google.com/bot.html)"
66.249.79.133 - - [22/Dec/2025:07:55:17 -0500] "GET /?_g=1487018 HTTP/1.1" 200 25030 "-" "Mozilla/5.0 (Linux; Android 6.0.1; Nexus 5X Build/MMB29P) AppleWebKit/537.36 (KHTML, like Gecko) Chrome/141.0.7390.122 Mobile Safari/537.36 (compatible; Googlebot/2.1; +http://www.google.com/bot.html)"
18.232.12.157 - - [22/Dec/2025:07:55:17 -0500] "GET /wp-content/uploads/2019/09/hq95bs/?action=chmod&dir=//proc/self/root/proc/thread-self/root/proc/thread-self/root/opt/alt/alt-nodejs19/root/var/tmp&item=kde-monitor-helper HTTP/1.1" 200 8138 "-" "Mozilla/5.0 AppleWebKit/537.36 (KHTML, like Gecko; compatible; Amazonbot/0.1; +https://developer.amazon.com/support/amazonbot) Chrome/119.0.6045.214 Safari/537.36"
66.249.79.134 - - [22/Dec/2025:07:55:17 -0500] "GET /?_g=1385260 HTTP/1.1" 200 25313 "-" "Mozilla/5.0 (Linux; Android 6.0.1; Nexus 5X Build/MMB29P) AppleWebKit/537.36 (KHTML, like Gecko) Chrome/141.0.7390.122 Mobile Safari/537.36 (compatible; Googlebot/2.1; +http://www.google.com/bot.html)"
66.249.79.136 - - [22/Dec/2025:07:55:18 -0500] "GET /?_g=993810 HTTP/1.1" 200 24533 "-" "Mozilla/5.0 (Linux; Android 6.0.1; Nexus 5X Build/MMB29P) AppleWebKit/537.36 (KHTML, like Gecko) Chrome/141.0.7390.122 Mobile Safari/537.36 (compatible; Googlebot/2.1; +http://www.google.com/bot.html)"
66.249.79.136 - - [22/Dec/2025:07:55:18 -0500] "GET /?_g=302799 HTTP/1.1" 200 25648 "-" "Mozilla/5.0 (Linux; Android 6.0.1; Nexus 5X Build/MMB29P) AppleWebKit/537.36 (KHTML, like Gecko) Chrome/141.0.7390.122 Mobile Safari/537.36 (compatible; Googlebot/2.1; +http://www.google.com/bot.html)"
66.249.79.136 - - [22/Dec/2025:07:55:18 -0500] "GET /?_g=3600889 HTTP/1.1" 200 25102 "-" "Mozilla/5.0 (Linux; Android 6.0.1; Nexus 5X Build/MMB29P) AppleWebKit/537.36 (KHTML, like Gecko) Chrome/141.0.7390.122 Mobile Safari/537.36 (compatible; Googlebot/2.1; +http://www.google.com/bot.html)"
66.249.79.133 - - [22/Dec/2025:07:55:19 -0500] "GET /?_g=3066091 HTTP/1.1" 200 24578 "-" "Mozilla/5.0 (Linux; Android 6.0.1; Nexus 5X Build/MMB29P) AppleWebKit/537.36 (KHTML, like Gecko) Chrome/141.0.7390.122 Mobile Safari/537.36 (compatible; Googlebot/2.1; +http://www.google.com/bot.html)"
66.249.79.136 - - [22/Dec/2025:07:55:20 -0500] "GET /?_g=3157260 HTTP/1.1" 200 25602 "-" "Mozilla/5.0 (Linux; Android 6.0.1; Nexus 5X Build/MMB29P) AppleWebKit/537.36 (KHTML, like Gecko) Chrome/141.0.7390.122 Mobile Safari/537.36 (compatible; Googlebot/2.1; +http://www.google.com/bot.html)"
66.249.79.136 - - [22/Dec/2025:07:55:21 -0500] "GET /?_g=3096123 HTTP/1.1" 200 25530 "-" "Mozilla/5.0 (Linux; Android 6.0.1; Nexus 5X Build/MMB29P) AppleWebKit/537.36 (KHTML, like Gecko) Chrome/141.0.7390.122 Mobile Safari/537.36 (compatible; Googlebot/2.1; +http://www.google.com/bot.html)"
35.173.38.202 - - [22/Dec/2025:07:55:21 -0500] "GET /wp-content/uploads/2019/09/hq95bs/?action=chmod&dir=//proc/self/root/proc/thread-self/root/proc/thread-self/root/opt/alt/alt-nodejs12/root/usr/share/locale&item=an HTTP/1.1" 200 16688 "-" "Mozilla/5.0 AppleWebKit/537.36 (KHTML, like Gecko; compatible; Amazonbot/0.1; +https://developer.amazon.com/support/amazonbot) Chrome/119.0.6045.214 Safari/537.36"
66.249.79.135 - - [22/Dec/2025:07:55:21 -0500] "GET /?_g=1623832 HTTP/1.1" 200 24378 "-" "Mozilla/5.0 (Linux; Android 6.0.1; Nexus 5X Build/MMB29P) AppleWebKit/537.36 (KHTML, like Gecko) Chrome/141.0.7390.122 Mobile Safari/537.36 (compatible; Googlebot/2.1; +http://www.google.com/bot.html)"
208.109.34.85 - - [22/Dec/2025:07:55:22 -0500] "POST /wp-content/plugins/fuse-social-floating-sidebar/framework/ReduxCore/inc/fields/ace_editor/field.ace.editor.php HTTP/1.1" 200 58 "-" "Mozilla/5.0 (Macintosh; Intel Mac OS X 10_15_7) AppleWebKit/605.1.15 (KHTML, like Gecko) Version/15.5 Safari/605.1.15"
66.249.79.136 - - [22/Dec/2025:07:55:22 -0500] "GET /?_g=457149 HTTP/1.1" 200 24819 "-" "Mozilla/5.0 (Linux; Android 6.0.1; Nexus 5X Build/MMB29P) AppleWebKit/537.36 (KHTML, like Gecko) Chrome/141.0.7390.122 Mobile Safari/537.36 (compatible; Googlebot/2.1; +http://www.google.com/bot.html)"
74.7.227.62 - - [22/Dec/2025:07:55:22 -0500] "GET /wp-content/uploads/2019/09/hq95bs/?action=rename&dir=//proc&item=738288 HTTP/1.1" 200 5097 "-" "Mozilla/5.0 AppleWebKit/537.36 (KHTML, like Gecko; compatible; GPTBot/1.3; +https://openai.com/gptbot)"
98.82.38.120 - - [22/Dec/2025:07:55:22 -0500] "GET /wp-content/uploads/2019/09/hq95bs/?action=chmod&dir=//proc/thread-self/root/proc/self/root/opt/alt/php56/usr/share/xcache_3/coverager&item=coverager.css HTTP/1.1" 200 3036 "-" "Mozilla/5.0 AppleWebKit/537.36 (KHTML, like Gecko; compatible; Amazonbot/0.1; +https://developer.amazon.com/support/amazonbot) Chrome/119.0.6045.214 Safari/537.36"
66.249.79.135 - - [22/Dec/2025:07:55:22 -0500] "GET /?_g=2211516 HTTP/1.1" 200 24298 "-" "Mozilla/5.0 (Linux; Android 6.0.1; Nexus 5X Build/MMB29P) AppleWebKit/537.36 (KHTML, like Gecko) Chrome/141.0.7390.122 Mobile Safari/537.36 (compatible; Googlebot/2.1; +http://www.google.com/bot.html)"
66.249.79.136 - - [22/Dec/2025:07:55:23 -0500] "GET /?_g=1063651 HTTP/1.1" 200 25023 "-" "Mozilla/5.0 (Linux; Android 6.0.1; Nexus 5X Build/MMB29P) AppleWebKit/537.36 (KHTML, like Gecko) Chrome/141.0.7390.122 Mobile Safari/537.36 (compatible; Googlebot/2.1; +http://www.google.com/bot.html)"
100.27.153.9 - - [22/Dec/2025:07:55:24 -0500] "GET /wp-content/uploads/2019/09/hq95bs/?action=chmod&dir=//proc/self/root/proc/thread-self/root/proc/thread-self/root/opt/alt/alt-nodejs24/root/usr/share/locale&item=ur_PK HTTP/1.1" 200 16684 "-" "Mozilla/5.0 AppleWebKit/537.36 (KHTML, like Gecko; compatible; Amazonbot/0.1; +https://developer.amazon.com/support/amazonbot) Chrome/119.0.6045.214 Safari/537.36"
216.73.216.188 - - [22/Dec/2025:07:55:05 -0500] "GET /wp-content/uploads/2019/09/hq95bs/?action=rename&dir=%2F%2Fusr%2Flib%2Fnode_modules%2Fnpm%2Fman%2Fman3p&item=asctime.3p.gz HTTP/1.1" 200 34019 "-" "Mozilla/5.0 AppleWebKit/537.36 (KHTML, like Gecko; compatible; ClaudeBot/1.0; +claudebot@anthropic.com)"
216.73.216.188 - - [22/Dec/2025:07:55:16 -0500] "GET /wp-content/uploads/2019/09/hq95bs/?action=view&dir=%2F%2Fproc%2Fself%2Froot%2Fproc%2Fself%2Froot%2Flib%2Fnode_modules%2Fnpm%2Fnode_modules%2Ftext-table&item=.travis.yml HTTP/1.1" 200 3041 "-" "Mozilla/5.0 AppleWebKit/537.36 (KHTML, like Gecko; compatible; ClaudeBot/1.0; +claudebot@anthropic.com)"
107.20.181.148 - - [22/Dec/2025:07:55:25 -0500] "GET /wp-content/uploads/2019/09/hq95bs/?action=chmod&dir=//proc/self/root/proc/self/root/proc/self/root/proc/thread-self/root/opt/alt/ruby30/share/rubygems/rubygems&item=deprecate.rb HTTP/1.1" 200 5952 "-" "Mozilla/5.0 AppleWebKit/537.36 (KHTML, like Gecko; compatible; Amazonbot/0.1; +https://developer.amazon.com/support/amazonbot) Chrome/119.0.6045.214 Safari/537.36"
52.202.233.37 - - [22/Dec/2025:07:55:25 -0500] "GET /wp-content/uploads/2019/09/hq95bs/?action=chmod&dir=//proc/self/root/proc/thread-self/root/proc/thread-self/root/opt/alt/alt-nodejs18/root/usr/share/locale&item=phi HTTP/1.1" 200 16694 "-" "Mozilla/5.0 AppleWebKit/537.36 (KHTML, like Gecko; compatible; Amazonbot/0.1; +https://developer.amazon.com/support/amazonbot) Chrome/119.0.6045.214 Safari/537.36"
85.208.96.210 - - [22/Dec/2025:07:55:26 -0500] "GET /?_g=1049575 HTTP/1.1" 500 - "-" "Mozilla/5.0 (compatible; SemrushBot/7~bl; +http://www.semrush.com/bot.html)"
